s g(i)?
42
Suppose 3*v + 8 = -2*f, 32*v - 18 = 37*v + 4*f. Let g(z) = -3*z + 1 + 2*z + 0*z. What is g(v)?
-1
Suppose 0 = -55*d + 80*d - 25. Let x(h) = -9*h - 3. Determine x(d).
-12
Suppose -18*g = -13*g - 2*n - 25, g + 5*n = 32. Let b(q) = 2*q - 8. Give b(g).
6
Let l(o) = -o**3 + o**2 - o - 3. Let j = -22 - -18. Suppose k + 3*d = 15, 5*d = -2*k + 4*k + 14. Let r be (j + k - -1)/1. What is l(r)?
-3
Let y(p) = -p - 9. Suppose 5*t - 70 = 3*t - 2*h, -5*t - 2*h = -166. Suppose -z = z - 3*l - 7, 0 = -3*z - 4*l - t. Calculate y(z).
-5
Let c(i) be the third derivative of -i**5/30 - i**4/8 - 2*i**3/3 + 156*i**2. Calculate c(3).
-31
Let r(l) be the second derivative of l**3/6 - l**2 - 2*l. Let w be (2 - -3)/((-23)/23). What is r(w)?
-7
Let g(n) = n**2 - 8*n - 6. Let y be 34 - 44 - (1 - 20). What is g(y)?
3
Let a(f) be the second derivative of -17*f**3/6 - 7*f**2 + 2*f. Let g(h) = 6*h + 5. Let n(o) = -4*a(o) - 11*g(o). Suppose 14 = 17*t - 3. Give n(t).
3
Let y(m) = -m**2 + m - 6. Let a(o) = 2*o**2 - 3*o - 8. Let b(s) = -a(s) - 3*y(s). Determine b(0).
26
Let x(r) be the second derivative of 0 + 2*r**2 + 6*r + 1/6*r**3. Let f = 40 + -36. Give x(f).
8
Let a(h) = h**3 + 5*h**2 + h + 7. Let u be a(-5). Suppose u*v = -4*v. Suppose -2*m + 9*m + 21 = v. Let j(f) = -2*f**2 - 4*f. What is j(m)?
-6
Suppose 3 = m + 2*m. Suppose -4*s = 4*h - 27 + 3, -h + 4 = 0. Let r(b) = -2*b - 2*b**s + 5*b**2 + 1 + 5*b**3 + 3*b**2 - 5*b**2. What is r(m)?
5
Let n(f) = 4 - 7*f - 1 + f**2 + 3. Suppose 3*g + 1 = -w - 41, 0 = 3*w + 2*g + 126. Let p = -36 - w. Determine n(p).
0
Let w(r) = 20*r**2 - 105*r + 26. Let t(b) = -7*b**2 + 36*b - 9. Let i(k) = -17*t(k) - 6*w(k). Give i(15).
42
Let o(i) = -13*i + 6. Let y be ((-4)/5)/(12/(-90)). Let j(k) = -37*k + 18. Let m(r) = y*j(r) - 17*o(r). Give m(-6).
12
Suppose -3*l - 64 + 1 = 3*t, 2*l + 5*t = -51. Let w be (-4)/10 - 206/10. Let i = l - w. Let r(d) = d**2 - 2. Calculate r(i).
7
Let u(d) = 3*d + 31. Let g be u(-5). Let l = -45 - -32. Let s = g + l. Let c(z) = z**2 - z - 4. What is c(s)?
2
Let g(i) = i - 1. Let b(z) = -6*z + 4. Let s(t) = b(t) + 8*g(t). Let m(y) = y**2 - y - 9. Let k be m(4). What is s(k)?
2
Let z(p) be the second derivative of -1/2*p**2 - 12*p + 1/3*p**3 + 0. Give z(-2).
-5
Let z(m) be the first derivative of -m**5/20 + 5*m**4/12 - 2*m**3/3 - m**2/2 - 31*m + 7. Let r(y) be the first derivative of z(y). Give r(4).
-1
Let q(k) = -2*k**2 - 7*k - 16. Let b be 6/(-2)*(67 + -66). Calculate q(b).
-13
Let n(m) = 5 - 4*m - 13 - 3*m**2 - 2*m**2 + 4*m**2 - m. What is n(-5)?
-8
Let p(h) be the first derivative of -h**4/4 - h**3/3 + h**2/2 - 3*h + 57. Determine p(-3).
12
Let q(g) = -2*g**2 + 22*g - 23. Let t be q(15). Let j be -4*(4 - 1 - t/(-52)). Let o(b) = 2*b**2 + 1. Give o(j).
3
Let r(x) = 4*x**2 - 4*x - 4. Let i(l) = -3*l**2 + 3*l + 4. Let z(w) = 3*i(w) + 2*r(w). Let b be (-240)/(-64) - (-2)/8. What is z(b)?
-8
Suppose 0 = -14*n + 6*n + 56. Let v be n*4/(-6)*9/(-6). Let a(t) = -t - 2. Determine a(v).
-9
Let m(x) = 4*x - 5 + 4*x - 6*x. Suppose 5*r = -15, 9*r + 31 = 4*y + 4*r. Calculate m(y).
3
Let f(a) = -a**2 - 4*a - 3. Let p = -10 + 5. Let s(g) = g**3 + 6*g**2 + 5*g + 2. Let v be s(p). Let n be v + -3 + 4/(-2). Give f(n).
0
Let j(a) = -5*a. Let z(d) = -d**2 - 10*d + 4. Let r be z(-10). Let n(o) = -o - 1. Let k(u) = r*n(u) - j(u). Calculate k(7).
3
Let g(b) = 3*b**3 - b**2 + 2*b - 1. Suppose 5*l - 4*k = 1, 5*l - 2*k = -k + 4. Determine g(l).
3
Let k = -37 + -12. Let y = k - -79. Suppose a + 4*a - y = 0. Let s(c) = -c + 7. Determine s(a).
1
Suppose -n + 5 = -0. Suppose 2*d + d = -n*q - 19, 0 = -3*d - 4*q - 17. Let j(g) = -5*g + 6 + 20*g - 2 - 13*g. Calculate j(d).
-2
Let z(p) be the third derivative of -p**4/24 + 4*p**3/3 + 2*p**2 - 120*p. Determine z(-6).
14
Let d(v) = 5*v**3 - 7*v**2 + 9*v - 8. Let j(k) = -k**3 + 2*k**2 - 2*k + 2. Let t(g) = 2*d(g) + 9*j(g). What is t(-4)?
2
Let w = -135 - -150. Suppose w = -5*a - 30. Let f(h) = h**2 + 10*h + 11. Give f(a).
2
Let x be 34 + (2 - 2) + 44/11. Suppose -x*c + 132 = -16*c. Let v(q) be the second derivative of -q**3/2 + 2*q**2 - q. Determine v(c).
-14
Let j = -90 + 96. Let d = -3 + 7. Let a(q) = -d - 1 + 6*q - q**2 + 1. Calculate a(j).
-4
Let s(c) be the first derivative of c**4/4 + 2*c**3/3 - 3*c**2/2 + c + 155. Determine s(-4).
-19
Let u(b) = b - 2. Let h(c) be the second derivative of c**3/6 + 9*c**2/2 - 24*c. Let i be h(-3). Give u(i).
4
Let i(t) = -4*t - 20. Let h be i(-6). Let g(y) = -4*y**2 - y + 1 + y**2 - h*y**2 + 6*y**2. Suppose -s + 0*s + 1 = 0. Calculate g(s).
-1
Let y(b) be the second derivative of b**3/6 + 3*b**2 + 82*b. Let w = 30 - 36. What is y(w)?
0
Let y(a) be the first derivative of -a**3/3 + 5*a**2 - 4*a - 150. What is y(10)?
-4
Let r(n) = 2*n**3 - 3*n**2 - 3*n - 1. Let z(t) = 13*t - 196. Let x be z(15). What is r(x)?
-3
Let f = -180 - -182. Let b(z) = 2*z**2 + 2*z. What is b(f)?
12
Let y be 1/(-2) - (3045/(-30))/29. Let o(a) = a**3 - 3*a**2 - a - 4. Give o(y).
-7
Let u be 2/3*-1*6. Let g(v) = 127 - 42 - 40 - 43 + v**2 + 4*v. What is g(u)?
2
Let k(u) = -u - 8. Let l be k(-11). Suppose l*m - 6*m = 15. Let a(f) = f - 1. Determine a(m).
-6
Let s(x) be the first derivative of x**4/12 + x**3/6 + 4*x**2 - 23*x - 14. Let u(m) be the first derivative of s(m). Determine u(0).
8
Let k(r) = -r - 9. Let o(i) = 4*i + 16. Suppose 4*q + 25 = g, 0 = 2*q - g - 4*g + 35. Let c be o(q). Determine k(c).
-5
Let b(a) = 29*a + 1 - 10*a - 18*a. Calculate b(10).
11
Suppose 20 = 4*f + 4*k, -f - 7 = k - 4*k. Let h(r) = -3*r**2 - 2. Give h(f).
-14
Let v be (6/15)/((-2)/(-100)). Let z = v - 14. Suppose 6*a + z = 4*a. Let c(y) = -y**3 - 2*y**2 + 4*y. Give c(a).
-3
Let p(h) = -h - 14. Let d(t) be the second derivative of -t**3/2 - 7*t**2/2 - 2*t - 33. Let o be d(1). Determine p(o).
-4
Let h(z) = -3*z**3 + 14*z**3 - 7*z**3 + 6*z**2 + z**2 - 5*z - 2*z**3. What is h(-4)?
4
Let n(t) = t**3 - 8*t**2 + 8*t - 3. Let u be n(7). Suppose -u*i - 20 = -9*i. Let m(s) = 5 + 12*s**2 - 13*s**2 + 2*s - i - 2. Calculate m(-2).
-9
Let d(s) be the third derivative of s**5/30 - s**4/4 - s**3/2 - 2*s**2 + 3*s. Give d(6).
33
Suppose 16*p = 44*p - 84. Let s(x) = x**3 + x**2 + 4*x + 1. Give s(p).
49
Let a(h) be the second derivative of -7*h**5/120 - 13*h**3/2 + 19*h. Let r(f) be the second derivative of a(f). Give r(1).
-7
Let a(o) = 10*o + 2 + 9*o + 12*o - 32*o. Let r(g) = 18*g**2 - g - 1. Let s be r(-1). Let f be 3/(s/14)*-3. Determine a(f).
9
Suppose -5*m + 13 = -7. Let t(g) = -2*g**2 + 2 - m*g**2 + 2*g + 4*g - 96*g**3 + 97*g**3. Let i = 4 - -1. Calculate t(i).
7
Suppose -5 = -m - 2. Let g(q) = 5 - 3*q + m*q - q. Determine g(5).
0
Let y(i) = 1 - 3*i**3 + 0*i**3 - i**3 - i**2. Let p = 11 - 9. Let d be p*(-4 + (-27)/(-6)). Determine y(d).
-4
Let s(g) = 4*g**2 - 5*g**2 + 5*g**2. Let h(q) = 7*q + 9*q - 17*q + 5. Let m be h(4). Calculate s(m).
4
Let g(r) = -2*r - 8. Let h(c) = c**3 + 14*c**2 + 52*c + 18. Let j be h(-6). Determine g(j).
4
Let o be ((-36)/(-21))/(4/14). Let h(c) = -12*c - 7 + 7*c - c**3 + 7*c + o*c**2 - c. Suppose 16 = 2*l + 4. Give h(l).
-1
Let u = -288 + 287. Let l(f) = -9*f**2 + f. Calculate l(u).
-10
Let c(i) = i**2 + 3*i - 9. Let k = 1588 - 1593. Calculate c(k).
1
Let d(n) = 15*n + 1. Let m = -533 + 530. Give d(m).
-44
Let i(r) = -5*r**3 + 3 - 35*r**3 + 1 - 3*r - 7 + 2*r**2 + 4. What is i(1)?
-40
Let h(q) = -q**2 - 10*q + 7. Let r(g) be the third derivative of g**4/24 - g**3/6 + 17*g**2. Let f(o) = h(o) + 5*r(o). Let k = 5 + -9. What is f(k)?
6
Let q be 3/4 + 315/28 + -5. Let k(s) be the first derivative of q + 1/2*s**2 - 3*s. Determine k(4).
1
Let j(m) = -3*m**3 + 7*m**2 - 10*m + 11. Let k(g) = -8*g**3 + 14*g**2 - 21*g + 22. Let c(i) = -5*j(i) + 2*k(i). Determine c(-8).
-11
Let u(b) = 5*b - 6*b**2 - 6*b + 3*b**2 - 13*b**2 + 4*b**2 - 2. Give u(-1).
-13
Let j(x) = -58 - 46 + 130 + 2*x. Determine j(-11).
4
Suppose 7*n + 10 = 2*n. Let d(o) = -2 + 0*o**2 + o**2 - 4*o**2. Let g(u) = 3*u**2 - u + 2. Let k(q) = -3*d(q) - 2*g(q). What is k(n)?
10
Let t(y) be the second derivative of 7*y**4/12 - 64*y. Let w = -13 - -18. Suppose -w*m - 4*p + 1 = -0*p, -4*m - 3*p + 1 = 0. Calculate t(m).
7
Let z be 15*((-8)/16)/((-6)/(-4)). Let c(v) = v - 2. Determine c(z).
-7
Let i(u) = 304*u - 1 - 300*u + 2. Let v = 0 - -2.